 and 182.
26
Let h = 4088 + -2394. What is the highest common factor of h and 308?
154
Let g = 407 + -401. Calculate the greatest common divisor of g and 42.
6
Suppose -g - 895 = -4*u, 26*g - 4 = 22*g. What is the highest common divisor of u and 28?
28
Let u be 1/(-2)*((-2 - -5) + -7). Let k be u - (0 - 1) - (-85 + 4). Let d(t) = 11*t**2 + 2*t - 1. Let l be d(1). What is the greatest common factor of k and l?
12
Suppose 0 = 3*v + v + 4*k + 500, 633 = -5*v - 3*k. Let h = v + 181. Calculate the greatest common factor of h and 468.
52
Let g(s) = 9*s**2 + 4*s - 1. Let a be g(1). Let r(v) = -3*v + 6. Let z be r(-18). Calculate the highest common divisor of z and a.
12
Let f be -50 + (3 - (1 - 1)). Let o = -86 - f. Let t be o/(-15) - (-4)/10. Calculate the greatest common factor of t and 2.
1
Let n(w) = w**3 + 8*w**2 - 15*w - 18. Let b be n(-10). Let g = 99 + b. What is the highest common factor of 279 and g?
31
Let x(y) = -4*y + 62. Let c be x(3). What is the greatest common divisor of c and 25?
25
Let f(x) = 5*x**2 + 44*x + 43. Let g be f(-9). What is the greatest common factor of g and 533?
13
Let k = 1146 + -1141. Calculate the greatest common factor of k and 355.
5
Suppose 37 = 5*l - 2*b, -3*l + 31 = -b + 2*b. Let d be 3/(l/21 + 0). Suppose 0 = k - d. What is the highest common factor of k and 77?
7
Let l(t) = -t**3 - 6*t**2 - 6*t - 3. Let u be l(-5). Let a = u + 10. Let x be ((-6)/(-9))/((-2)/(-36)). What is the highest common divisor of x and a?
12
Suppose 13871 + 15369 = 34*x. What is the highest common factor of 20 and x?
20
Let n = 9 - -371. Suppose -8*g + 55 = u - 3*g, -5*u + n = 4*g. What is the highest common factor of 10 and u?
10
Let a(d) = 38*d - 100. Let y be a(15). What is the highest common factor of y and 10?
10
Let q(x) = -x**3 + 8*x**2 - 14*x + 9. Let v be q(6). Let g = 7 - v. What is the greatest common factor of g and 2?
2
Let g(n) = 42*n - 90. Let d be g(3). What is the greatest common factor of 666 and d?
18
Let l = 638 + -630. Calculate the highest common divisor of l and 32.
8
Let l be (-1436)/(-32) - (-1)/8. Suppose -4*n - n = 360. Let x be (n/(-32))/(2/8). Calculate the highest common divisor of x and l.
9
Let h(x) = x**3 + 4*x**2 - 2*x - 3. Suppose s = 6*s. Suppose n + s*n = -4. Let t be h(n). What is the highest common factor of 5 and t?
5
Let w(r) = -3*r**2 + 23*r - 11. Let z be w(7). Suppose 5*c - 13 = 2*c + 2*y, z*y + 21 = 5*c. What is the highest common factor of c and 6?
3
Let o(u) = 0 + 1 + u + 4*u - 3*u. Let z be o(4). Calculate the greatest common divisor of z and 18.
9
Let m(j) = 2*j**3 - 25*j**2 - 13*j + 17. Let u be m(13). Calculate the highest common factor of 187 and u.
17
Let d(z) = z**3 - 9*z**2 - 22*z + 1. Let a be d(9). Let n = -117 - a. Calculate the highest common divisor of 16 and n.
16
Suppose q = -0*q + 97. Let u = q + -27. Suppose 5*t + i - 144 = -0*t, -2*t - 5*i + 76 = 0. What is the highest common divisor of u and t?
14
Suppose 390 = 7*b - 2*b. Suppose -7*l + b = 5*z - 3*l, -2 = -l. Let n be (1 - -40 - -1)*(357/(-63) + 6). What is the greatest common factor of n and z?
14
Suppose 3*h - 3 = 0, k + 2 = -4*k + 2*h. Suppose -4*v + n + 110 = 35, k = -n + 5. What is the greatest common divisor of 220 and v?
20
Let p = 51 - -9. Suppose h - 2*v - 8 = 50, -3*h + 4*v = -176. Suppose 0 = -j + 4*j - h. What is the highest common divisor of p and j?
20
Let o = -1660 - -1670. Calculate the highest common factor of o and 22.
2
Let n = 1375 - 814. What is the highest common divisor of 33 and n?
33
Let w(m) = m**2 - 5*m - 35. Suppose 11 = f + 2. Let o be w(f). Calculate the highest common divisor of o and 7.
1
Let p be (-2 - -1)/(1/(-76)). What is the highest common factor of 12 and p?
4
Let q = -324 - -449. Calculate the greatest common divisor of 475 and q.
25
Let g = 388 - 190. Let o be (-23)/(2 + -3) + -1. Calculate the highest common divisor of g and o.
22
Let f = 43 - 65. Suppose 3*x = -d + 156, -2*d - 3*d + 156 = 3*x. Let o = f + x. Calculate the highest common divisor of o and 75.
15
Let s(w) = -w + 12. Let k = 2 - 7. Let x be s(k). Suppose y + 0*y - 119 = 0. What is the highest common divisor of x and y?
17
Let n(r) = 2*r**3 - 24*r**2 + 22*r - 80. Let d be n(12). What is the highest common divisor of 345 and d?
23
Suppose 0 = 4*o - 3*r + 233 + 26, 5*r + 187 = -3*o. Let s = o - -101. Calculate the greatest common factor of 333 and s.
37
Let c be (74/6 - (15 - 11))*3. Let x be 2/3 + (-26)/(-6). What is the greatest common factor of c and x?
5
Suppose -y = -6*y + 20. Let p(v) = -3*v + 6. Let t(m) = 1. Let h(r) = p(r) - 4*t(r). Let g be h(-6). Calculate the greatest common factor of g and y.
4
Let j(f) be the second derivative of 61*f**3/3 - 32*f. Let w be j(1). Calculate the greatest common factor of 183 and w.
61
Let w be 759/(-6) - (-2)/(-4). Let c = w - -219. Suppose q = -2*q + 69. Calculate the greatest common divisor of q and c.
23
Let z(i) = 2*i**2 + 7*i. Let u(s) = 2*s + 12. Let x be u(-9). Let w be z(x). Calculate the highest common divisor of 10 and w.
10
Suppose -3*k - 15 = 0, -4*j + 24*k = 23*k - 89. Calculate the greatest common divisor of 1743 and j.
21
Suppose -5*r = 2*b - 81, 15*b = 14*b - 3*r + 41. Calculate the greatest common divisor of b and 1026.
38
Let x = -19 + 64. Let a be -2 + 204/9 - (-3)/9. Let z = x - a. Calculate the greatest common divisor of z and 12.
12
Suppose -3*m + 1394 = 2*o, 5*m = 3*o - 2706 + 615. Calculate the highest common factor of o and 51.
17
Suppose 6*m - 1609 = 1751. What is the highest common factor of 80 and m?
80
Let p = 247 + -181. Calculate the highest common factor of 165 and p.
33
Let f be -4 - (3 + 1)*175/(-20). What is the greatest common factor of f and 837?
31
Let h = 131 + -66. Calculate the greatest common factor of h and 39.
13
Suppose 3*l + 5*y - 376 = 0, 12 = -2*y - y. Suppose 3*a + a = 48. Calculate the greatest common factor of a and l.
12
Let j(p) = p**2 - 8*p + 6. Let w be j(7). Let l(q) = 17*q**2 + 2*q + 1. Let o be l(w). Let g = 41 - 1. Calculate the highest common divisor of g and o.
8
Suppose 0 = 3*h - 5*k + 6, -5*h - 6*k + k + 30 = 0. Suppose 459 = 31*w - 285. What is the highest common factor of h and w?
3
Suppose 3 - 18 = -3*j. Suppose m - 11 = j*b + 25, 3*b = 2*m - 93. Let c = m - 33. What is the highest common factor of 2 and c?
2
Suppose -4*p - 166 + 206 = 0. What is the greatest common factor of 2 and p?
2
Suppose -241 - 9 = -2*y. What is the greatest common factor of y and 50?
25
Let m(h) = -h**2 + 11*h + 2. Let k be m(11). Suppose 22 - 4 = k*n. Calculate the highest common factor of n and 36.
9
Let a(i) be the first derivative of 49*i**4/2 + 2*i**3/3 - i**2 + i + 23. Let v be a(1). What is the greatest common factor of 11 and v?
11
Let i be -4*(30/(-24) + 0). Let s(o) be the first derivative of o**2/2 + 1. Let y be s(i). What is the greatest common factor of 25 and y?
5
Let f(g) = -g**2 - 4*g + 2. Let n(k) = -2*k**2 + 3*k + 2. Let l be n(-1). Let s be f(l). What is the highest common divisor of 55 and s?
5
Let m = 370 + -358. Calculate the highest common divisor of 60 and m.
12
Let p = 27 + -33. Let o be (-4)/p + 2 + 856/12. Calculate the greatest common divisor of 37 and o.
37
Let x(n) = -2*n**3 - 17*n**2 - 8*n + 6. Let g be x(-8). Let z be 165/9 - 2/g. Let l = 6 + -4. Calculate the highest common divisor of l and z.
2
Let b be -11 + (-8)/4 - 2. Let r be (-2)/b + 4802/210. Let p = r + -5. What is the greatest common divisor of 198 and p?
18
Let q be 2/3 - (-310)/(-15). Let u = 160 - q. Suppose 2*m = 22 + 18. Calculate the greatest common factor of m and u.
20
Let u = -12 - -7. Let m(t) = 2*t**2 + 3*t - 2. Let i be m(u). Calculate the highest common factor of 33 and i.
33
Let x(d) = -5*d**2 - 30*d - 7. Let u be x(-9). Suppose -2*v - 494 = 3*p, 4*v - 33 = 2*p - 1037. Let h = u - v. Calculate the greatest common factor of h and 12.
12
Let j be (6 - 6) + 5*1. Let f = 264 + -219. Calculate the highest common factor of j and f.
5
Let p(n) = -n**2 - 9*n + 6. Let k be p(-9). Let x be k/4*64/6. Let w = 8 + 8. Calculate the greatest common factor of x and w.
16
Let s(m) be the second derivative of m**4/4 + 2*m**3 + 6*m**2 + 14*m. Let d be s(-7). Calculate the highest common factor of 50 and d.
25
Suppose 2*q + 6 = -2. Let h = q - -